{"id":3716,"date":"2018-10-25T09:27:11","date_gmt":"2018-10-25T09:27:11","guid":{"rendered":"https:\/\/evers-bau.de\/?page_id=3716"},"modified":"2020-05-22T21:17:48","modified_gmt":"2020-05-22T21:17:48","slug":"hochtiefbau","status":"publish","type":"page","link":"https:\/\/evers-bau.de\/index.php\/hochtiefbau\/","title":{"rendered":"Hoch-\/Tiefbau"},"content":{"rendered":"<p>[vc_row full_content_width=&#8220;row-inner-full&#8220; row_seperator=&#8220;row-line-seperator&#8220; top=&#8220;0px&#8220; bottom=&#8220;20px&#8220;][vc_column][rev_slider_vc alias=&#8220;hochtiefbau&#8220;][\/vc_column][\/vc_row][vc_row top=&#8220;15px&#8220; bottom=&#8220;0px&#8220;][vc_column css=&#8220;.vc_custom_1588072957343{background-color: #ffffff !important;}&#8220;][vc_custom_heading text=&#8220;Leistungen&#8220; font_container=&#8220;tag:h4|font_size:18px|text_align:left|color:%23dd3333&#8243; use_theme_fonts=&#8220;yes&#8220; css_animation=&#8220;fadeIn&#8220;][\/vc_column][\/vc_row][vc_row top=&#8220;5px&#8220; bottom=&#8220;20px&#8220;][vc_column width=&#8220;2\/3&#8243;][vc_column_text]<\/p>\n<h3><span style=\"color: #000000;\">Hoch- &amp; Tiefbau<\/span><\/h3>\n<p><strong>*\u00a0 Ingenieurbau<br \/>\n*\u00a0 Industriebau<\/strong><\/p>\n<p>Die Stefan Evers Bauunternehmung GmbH verbindet Ihre langj\u00e4hrige Erfahrung im Hochbau &amp; Ingenieurbau mit den hochspezialisierten Erfordernissen im modernen Tiefbau. In den letzten Jahren wurden erfolgreich Projekte im Bereich Wasserwirtschaft abgeschlossen. Hierzu z\u00e4hlten z. B. moderne Kl\u00e4ranlagen, Pumpwerke, Regenr\u00fcckhaltebecken und andere Bauwerke des Industrie- und Ingenieurbaus.<\/p>\n<p>Unser Aufgabenschwerpunkt im Ingenieurbau (Stahlbetonbau) ist hier die Erstellung von s\u00e4mtlichen Ortbetonbauwerken im Tief- und Kanalbau.<\/p>\n<p>Hierunter fallen die Erstellung von Regen- und Abwasserbehandlungsanlagen, wie z. B. Pumpwerke, Regenkl\u00e4r- und R\u00fcckhaltebecken, Schachtbauwerke sowie die Erstellung von Infrastrukturbauten, wie z. B. Stahlbetonbr\u00fccken, unterirdische Trafostationen etc. .<\/p>\n<div class=\"ce_text block\">\n<p>&nbsp;<\/p>\n<\/div>\n<p><strong>Bespiele aus unserem Portfolio im Bereich Ingenieur- und Industriebau:<\/strong><\/p>\n<ul>\n<li>Spezialtiefbau<\/li>\n<li>Kl\u00e4ranlagen<\/li>\n<li>Pumpwerke<\/li>\n<li>Br\u00fcckenbauwerke<\/li>\n<li>Hochwasserschutz<\/li>\n<li>Schachtbauwerke<\/li>\n<\/ul>\n<p>[\/vc_column_text][\/vc_column][vc_column width=&#8220;1\/3&#8243; offset=&#8220;vc_hidden-sm vc_hidden-xs&#8220;][vc_column_text]<strong>Arbeitsbereiche<br \/>\n<\/strong><br \/>\n<a href=\"https:\/\/evers-bau.de\/index.php\/leistungen\/\">Leistungen &#8211; \u00dcbersicht<\/a><br \/>\n<a href=\"https:\/\/evers-bau.de\/index.php\/hochtiefbau\/\">Hoch- &amp; Tiefbau<\/a><br \/>\n<a href=\"https:\/\/evers-bau.de\/index.php\/kanalsanierung\/\">Kanalsanierung<\/a><br \/>\n<a href=\"https:\/\/evers-bau.de\/index.php\/wasserhaltung\/\">Wasserhaltung<\/a><br \/>\n<a href=\"https:\/\/evers-bau.de\/index.php\/sonderarbeiten\/\">Sonderarbeiten<\/a>[\/vc_column_text][\/vc_column][\/vc_row][vc_row top=&#8220;20px&#8220; bottom=&#8220;20px&#8220;][vc_column][vc_column_text]<\/p>\n<p>[\/vc_column_text][\/vc_column][\/vc_row][vc_row top=&#8220;15px&#8220; bottom=&#8220;0px&#8220; bg_color=&#8220;#fafafa&#8220;][vc_column][vc_custom_heading text=&#8220;Impressionen&#8220; font_container=&#8220;tag:h2|text_align:left|color:%23dd3333&#8243; use_theme_fonts=&#8220;yes&#8220;][vc_column_text css=&#8220;.vc_custom_1588880079881{padding-bottom: 5px !important;}&#8220;]<\/p>\n<h5><span style=\"color: #000000;\">Hoch- &amp; Tiefbau<\/span><\/h5>\n<p>[\/vc_column_text][\/vc_column][\/vc_row][vc_row top=&#8220;10px&#8220; bottom=&#8220;30px&#8220; row_show_on=&#8220;hide_tablet_portrait,hide_mobile_landscape,hide_mobile_portrait&#8220; bg_color=&#8220;#fafafa&#8220;][vc_column width=&#8220;1\/3&#8243;][vc_column_text css=&#8220;.vc_custom_1588946197836{background-color: #ffffff !important;}&#8220;]<\/p>\n<p style=\"text-align: center;\"><strong>Tiefbau<\/strong><\/p>\n<p>[\/vc_column_text][vc_single_image image=&#8220;4305&#8243; img_size=&#8220;400&#215;300&#8243; onclick=&#8220;link_image&#8220; css=&#8220;.vc_custom_1588364715613{background-color: #ffffff !important;}&#8220;][vc_column_text css=&#8220;.vc_custom_1588879981649{background-color: #ffffff !important;}&#8220;]<\/p>\n<p style=\"text-align: center;\">Kammerdielenverbau<\/p>\n<p>[\/vc_column_text][vc_empty_space height=&#8220;15px&#8220;][\/vc_column][vc_column width=&#8220;1\/3&#8243;][vc_column_text css=&#8220;.vc_custom_1588946197836{background-color: #ffffff !important;}&#8220;]<\/p>\n<p style=\"text-align: center;\"><strong>Tiefbau<\/strong><\/p>\n<p>[\/vc_column_text][vc_single_image image=&#8220;4444&#8243; img_size=&#8220;400&#215;300&#8243; onclick=&#8220;link_image&#8220; css=&#8220;.vc_custom_1588685947805{background-color: #ffffff !important;}&#8220;][vc_column_text css=&#8220;.vc_custom_1588879975897{background-color: #ffffff !important;}&#8220;]<\/p>\n<p style=\"text-align: center;\">Errichtung Kabeltrasse<\/p>\n<p>[\/vc_column_text][vc_empty_space height=&#8220;15px&#8220;][\/vc_column][vc_column width=&#8220;1\/3&#8243;][vc_column_text css=&#8220;.vc_custom_1588946197836{background-color: #ffffff !important;}&#8220;]<\/p>\n<p style=\"text-align: center;\"><strong>Tiefbau<\/strong><\/p>\n<p>[\/vc_column_text][vc_gallery interval=&#8220;0&#8243; images=&#8220;4361,4357,4358,4359,4360&#8243; img_size=&#8220;800&#215;600&#8243; css=&#8220;.vc_custom_1588946895299{background-color: #ffffff !important;}&#8220;][vc_column_text css=&#8220;.vc_custom_1588879968217{background-color: #ffffff !important;}&#8220;]<\/p>\n<p style=\"text-align: center;\">Doppelgleitschienenverbau<\/p>\n<p>[\/vc_column_text][vc_empty_space height=&#8220;15px&#8220;][\/vc_column][\/vc_row][vc_row top=&#8220;10px&#8220; bottom=&#8220;30px&#8220; row_show_on=&#8220;hide_tablet_portrait,hide_mobile_landscape,hide_mobile_portrait&#8220; bg_color=&#8220;#fafafa&#8220;][vc_column width=&#8220;1\/3&#8243;][vc_column_text css=&#8220;.vc_custom_1588946708948{background-color: #ffffff !important;}&#8220;]<\/p>\n<p style=\"text-align: center;\"><strong>Tiefbau <\/strong><\/p>\n<p>[\/vc_column_text][vc_single_image image=&#8220;4442&#8243; img_size=&#8220;400&#215;300&#8243; onclick=&#8220;link_image&#8220; css=&#8220;.vc_custom_1588685489367{background-color: #ffffff !important;}&#8220;][vc_column_text css=&#8220;.vc_custom_1588879987363{background-color: #ffffff !important;}&#8220;]<\/p>\n<p style=\"text-align: center;\">Gerammter Tr\u00e4ger mit Stahlausfachung<\/p>\n<p>[\/vc_column_text][vc_empty_space height=&#8220;15px&#8220;][\/vc_column][vc_column width=&#8220;1\/3&#8243;][vc_column_text css=&#8220;.vc_custom_1588946714806{background-color: #ffffff !important;}&#8220;]<\/p>\n<p style=\"text-align: center;\"><strong>Ingenieurbau<\/strong><\/p>\n<p>[\/vc_column_text][vc_gallery type=&#8220;flexslider_slide&#8220; interval=&#8220;0&#8243; images=&#8220;4548,4367,4368,4369,4370,4371,4377,4374,4375,4376,4547,4551&#8243; img_size=&#8220;400&#215;300&#8243; css=&#8220;.vc_custom_1588870699102{background-color: #ffffff !important;}&#8220;][vc_column_text css=&#8220;.vc_custom_1588879960731{background-color: #ffffff !important;}&#8220;]<\/p>\n<p style=\"text-align: center;\">(BV. Black Circle) Errichtung L\u00f6schwasserbeh\u00e4lter<\/p>\n<p>[\/vc_column_text][vc_empty_space height=&#8220;15px&#8220;][\/vc_column][vc_column width=&#8220;1\/3&#8243;][vc_column_text css=&#8220;.vc_custom_1588946721250{background-color: #ffffff !important;}&#8220;]<\/p>\n<p style=\"text-align: center;\"><strong>Ingenieurbau\/Hochbau<\/strong><\/p>\n<p>[\/vc_column_text][vc_gallery interval=&#8220;0&#8243; images=&#8220;3875,4168,4170&#8243; img_size=&#8220;400&#215;300&#8243; css=&#8220;.vc_custom_1588614742035{background-color: #ffffff !important;}&#8220;][vc_column_text css=&#8220;.vc_custom_1588879937562{padding-top: -2px !important;background-color: #ffffff !important;}&#8220;]<\/p>\n<p style=\"text-align: center;\">Br\u00fccke Goldhammer Bach: Abbruch, Neuerstellung einschlie\u00dflich Au\u00dfenanlagen<\/p>\n<p>[\/vc_column_text][vc_empty_space height=&#8220;15px&#8220;][\/vc_column][\/vc_row][vc_row top=&#8220;10px&#8220; bottom=&#8220;30px&#8220; row_show_on=&#8220;hide_tablet_portrait,hide_mobile_landscape,hide_mobile_portrait&#8220; bg_color=&#8220;#fafafa&#8220;][vc_column width=&#8220;1\/3&#8243;][vc_column_text css=&#8220;.vc_custom_1589127918699{background-color: #ffffff !important;}&#8220;]<\/p>\n<p style=\"text-align: center;\"><strong>Industriebau <\/strong><\/p>\n<p>[\/vc_column_text][vc_single_image image=&#8220;3855&#8243; img_size=&#8220;400&#215;300&#8243; onclick=&#8220;link_image&#8220; css=&#8220;.vc_custom_1588615799447{background-color: #ffffff !important;}&#8220;][vc_column_text css=&#8220;.vc_custom_1588879944323{background-color: #ffffff !important;}&#8220;]<\/p>\n<p style=\"text-align: center;\">Einh\u00e4uptige Schalung zur Herstellung einer Bodengrube<\/p>\n<p>[\/vc_column_text][vc_empty_space height=&#8220;15px&#8220;][\/vc_column][vc_column width=&#8220;1\/3&#8243;][vc_column_text css=&#8220;.vc_custom_1589127925091{background-color: #ffffff !important;}&#8220;]<\/p>\n<p style=\"text-align: center;\"><strong>Industriebau <\/strong><\/p>\n<p>[\/vc_column_text][vc_gallery interval=&#8220;0&#8243; images=&#8220;4437,4439,4438&#8243; img_size=&#8220;400&#215;300&#8243; css=&#8220;.vc_custom_1588628513320{background-color: #ffffff !important;}&#8220;][vc_column_text css=&#8220;.vc_custom_1588879948974{background-color: #ffffff !important;}&#8220;]<\/p>\n<p style=\"text-align: center;\">Maschinenfundament<\/p>\n<p>[\/vc_column_text][vc_empty_space height=&#8220;15px&#8220;][\/vc_column][vc_column width=&#8220;1\/3&#8243;][vc_column_text css=&#8220;.vc_custom_1589127931450{background-color: #ffffff !important;}&#8220;]<\/p>\n<p style=\"text-align: center;\"><strong>Industriebau<\/strong><\/p>\n<p>[\/vc_column_text][vc_gallery interval=&#8220;0&#8243; images=&#8220;4301,4302,4303&#8243; img_size=&#8220;400&#215;300&#8243; css=&#8220;.vc_custom_1588614757305{background-color: #ffffff !important;}&#8220;][vc_column_text css=&#8220;.vc_custom_1588879954818{background-color: #ffffff !important;}&#8220;]<\/p>\n<p style=\"text-align: center;\">Saugraum Pumpwerk:<br \/>\nFundamente f\u00fcr Rechenanlage<\/p>\n<p>[\/vc_column_text][vc_empty_space height=&#8220;15px&#8220;][\/vc_column][\/vc_row][vc_row top=&#8220;10px&#8220; bottom=&#8220;30px&#8220; row_show_on=&#8220;hide_tablet_portrait,hide_mobile_landscape,hide_mobile_portrait&#8220; bg_color=&#8220;#fafafa&#8220;][vc_column width=&#8220;1\/3&#8243;][vc_column_text css=&#8220;.vc_custom_1589127940346{background-color: #ffffff !important;}&#8220;]<\/p>\n<p style=\"text-align: center;\"><strong>Hochbau<\/strong><\/p>\n<p>[\/vc_column_text][vc_gallery interval=&#8220;0&#8243; images=&#8220;4295,4296,4294&#8243; img_size=&#8220;400&#215;300&#8243; css=&#8220;.vc_custom_1588614750232{background-color: #ffffff !important;}&#8220;][vc_column_text css=&#8220;.vc_custom_1588879932767{background-color: #ffffff !important;}&#8220;]<\/p>\n<p style=\"text-align: center;\">Errichtung Rechengutbecken<\/p>\n<p>[\/vc_column_text][vc_empty_space height=&#8220;15px&#8220;][\/vc_column][vc_column width=&#8220;1\/3&#8243;][vc_column_text css=&#8220;.vc_custom_1589127948019{background-color: #ffffff !important;}&#8220;]<\/p>\n<p style=\"text-align: center;\"><strong>Betonbau <\/strong><\/p>\n<p>[\/vc_column_text][vc_gallery interval=&#8220;0&#8243; images=&#8220;4109,4122&#8243; img_size=&#8220;400&#215;300&#8243; css=&#8220;.vc_custom_1588685629373{background-color: #ffffff !important;}&#8220;][vc_column_text css=&#8220;.vc_custom_1588879927314{background-color: #ffffff !important;}&#8220;]<\/p>\n<p style=\"text-align: center;\">(BV. Steigerstra\u00dfe) Errichtung Einstiegsbauwerk<\/p>\n<p>[\/vc_column_text][vc_empty_space height=&#8220;15px&#8220;][\/vc_column][vc_column width=&#8220;1\/3&#8243;][vc_column_text css=&#8220;.vc_custom_1589127953977{background-color: #ffffff !important;}&#8220;]<\/p>\n<p style=\"text-align: center;\"><strong>Betonbau<\/strong><\/p>\n<p>[\/vc_column_text][vc_single_image image=&#8220;4443&#8243; img_size=&#8220;400&#215;300&#8243; onclick=&#8220;link_image&#8220; css=&#8220;.vc_custom_1588685735668{background-color: #ffffff !important;}&#8220;][vc_column_text css=&#8220;.vc_custom_1588879921050{background-color: #ffffff !important;}&#8220;]<\/p>\n<p style=\"text-align: center;\">Maschinenfundamente<\/p>\n<p>[\/vc_column_text][vc_empty_space height=&#8220;15px&#8220;][\/vc_column][\/vc_row][vc_row top=&#8220;10px&#8220; bottom=&#8220;30px&#8220; row_show_on=&#8220;hide_on_normal_screen,hide_tablet_landscape&#8220; bg_color=&#8220;#fafafa&#8220;][vc_column width=&#8220;1\/4&#8243;][vc_column_text css=&#8220;.vc_custom_1588946197836{background-color: #ffffff !important;}&#8220;]<\/p>\n<p style=\"text-align: center;\"><strong>Tiefbau<\/strong><\/p>\n<p>[\/vc_column_text][vc_single_image image=&#8220;4305&#8243; img_size=&#8220;400&#215;300&#8243; css=&#8220;.vc_custom_1589281743710{background-color: #ffffff !important;}&#8220;][vc_column_text css=&#8220;.vc_custom_1588879981649{background-color: #ffffff !important;}&#8220;]<\/p>\n<p style=\"text-align: center;\">Kammerdielenverbau<\/p>\n<p>[\/vc_column_text][vc_empty_space height=&#8220;15px&#8220;][\/vc_column][vc_column width=&#8220;1\/4&#8243;][vc_column_text css=&#8220;.vc_custom_1588946197836{background-color: #ffffff !important;}&#8220;]<\/p>\n<p style=\"text-align: center;\"><strong>Tiefbau<\/strong><\/p>\n<p>[\/vc_column_text][vc_single_image image=&#8220;4444&#8243; img_size=&#8220;400&#215;300&#8243; css=&#8220;.vc_custom_1589281750364{background-color: #ffffff !important;}&#8220;][vc_column_text css=&#8220;.vc_custom_1588879975897{background-color: #ffffff !important;}&#8220;]<\/p>\n<p style=\"text-align: center;\">Errichtung Kabeltrasse<\/p>\n<p>[\/vc_column_text][vc_empty_space height=&#8220;15px&#8220;][\/vc_column][vc_column width=&#8220;1\/4&#8243;][vc_column_text css=&#8220;.vc_custom_1588946197836{background-color: #ffffff !important;}&#8220;]<\/p>\n<p style=\"text-align: center;\"><strong>Tiefbau<\/strong><\/p>\n<p>[\/vc_column_text][vc_gallery interval=&#8220;0&#8243; images=&#8220;4361,4357,4358,4359,4360&#8243; img_size=&#8220;800&#215;600&#8243; onclick=&#8220;&#8220; css=&#8220;.vc_custom_1589281486326{background-color: #ffffff !important;}&#8220;][vc_column_text css=&#8220;.vc_custom_1588879968217{background-color: #ffffff !important;}&#8220;]<\/p>\n<p style=\"text-align: center;\">Doppelgleitschienenverbau<\/p>\n<p>[\/vc_column_text][vc_empty_space height=&#8220;15px&#8220;][\/vc_column][vc_column width=&#8220;1\/4&#8243;][vc_column_text css=&#8220;.vc_custom_1588946708948{background-color: #ffffff !important;}&#8220;]<\/p>\n<p style=\"text-align: center;\"><strong>Tiefbau <\/strong><\/p>\n<p>[\/vc_column_text][vc_single_image image=&#8220;4442&#8243; img_size=&#8220;400&#215;300&#8243; css=&#8220;.vc_custom_1589281766717{background-color: #ffffff !important;}&#8220;][vc_column_text css=&#8220;.vc_custom_1588879987363{background-color: #ffffff !important;}&#8220;]<\/p>\n<p style=\"text-align: center;\">Gerammter Tr\u00e4ger mit Stahlausfachung<\/p>\n<p>[\/vc_column_text][vc_empty_space height=&#8220;15px&#8220;][\/vc_column][\/vc_row][vc_row top=&#8220;10px&#8220; bottom=&#8220;30px&#8220; row_show_on=&#8220;hide_on_normal_screen,hide_tablet_landscape&#8220; bg_color=&#8220;#fafafa&#8220;][vc_column width=&#8220;1\/4&#8243;][vc_column_text css=&#8220;.vc_custom_1588946714806{background-color: #ffffff !important;}&#8220;]<\/p>\n<p style=\"text-align: center;\"><strong>Ingenieurbau<\/strong><\/p>\n<p>[\/vc_column_text][vc_gallery type=&#8220;flexslider_slide&#8220; interval=&#8220;0&#8243; images=&#8220;4548,4367,4368,4369,4370,4371,4377,4374,4375,4376,4547,4551&#8243; img_size=&#8220;400&#215;300&#8243; onclick=&#8220;&#8220; css=&#8220;.vc_custom_1589281572767{background-color: #ffffff !important;}&#8220;][vc_column_text css=&#8220;.vc_custom_1588879960731{background-color: #ffffff !important;}&#8220;]<\/p>\n<p style=\"text-align: center;\">(BV. Black Circle) Errichtung L\u00f6schwasserbeh\u00e4lter<\/p>\n<p>[\/vc_column_text][vc_empty_space height=&#8220;15px&#8220;][\/vc_column][vc_column width=&#8220;1\/4&#8243;][vc_column_text css=&#8220;.vc_custom_1588946721250{background-color: #ffffff !important;}&#8220;]<\/p>\n<p style=\"text-align: center;\"><strong>Ingenieurbau\/Hochbau<\/strong><\/p>\n<p>[\/vc_column_text][vc_gallery interval=&#8220;0&#8243; images=&#8220;3875,4168,4170&#8243; img_size=&#8220;400&#215;300&#8243; onclick=&#8220;&#8220; css=&#8220;.vc_custom_1589281590082{background-color: #ffffff !important;}&#8220;][vc_column_text css=&#8220;.vc_custom_1588879937562{padding-top: -2px !important;background-color: #ffffff !important;}&#8220;]<\/p>\n<p style=\"text-align: center;\">Br\u00fccke Goldhammer Bach: Abbruch, Neuerstellung einschlie\u00dflich Au\u00dfenanlagen<\/p>\n<p>[\/vc_column_text][vc_empty_space height=&#8220;15px&#8220;][\/vc_column][vc_column width=&#8220;1\/4&#8243;][vc_column_text css=&#8220;.vc_custom_1589127918699{background-color: #ffffff !important;}&#8220;]<\/p>\n<p style=\"text-align: center;\"><strong>Industriebau <\/strong><\/p>\n<p>[\/vc_column_text][vc_single_image image=&#8220;3855&#8243; img_size=&#8220;400&#215;300&#8243; css=&#8220;.vc_custom_1589281714572{background-color: #ffffff !important;}&#8220;][vc_column_text css=&#8220;.vc_custom_1588879944323{background-color: #ffffff !important;}&#8220;]<\/p>\n<p style=\"text-align: center;\">Einh\u00e4uptige Schalung zur Herstellung einer Bodengrube<\/p>\n<p>[\/vc_column_text][vc_empty_space height=&#8220;15px&#8220;][\/vc_column][vc_column width=&#8220;1\/4&#8243;][vc_column_text css=&#8220;.vc_custom_1589127925091{background-color: #ffffff !important;}&#8220;]<\/p>\n<p style=\"text-align: center;\"><strong>Industriebau <\/strong><\/p>\n<p>[\/vc_column_text][vc_gallery interval=&#8220;0&#8243; images=&#8220;4437,4439,4438&#8243; img_size=&#8220;400&#215;300&#8243; onclick=&#8220;&#8220; css=&#8220;.vc_custom_1589281600683{background-color: #ffffff !important;}&#8220;][vc_column_text css=&#8220;.vc_custom_1588879948974{background-color: #ffffff !important;}&#8220;]<\/p>\n<p style=\"text-align: center;\">Maschinenfundament<\/p>\n<p>[\/vc_column_text][vc_empty_space height=&#8220;15px&#8220;][\/vc_column][\/vc_row][vc_row top=&#8220;10px&#8220; bottom=&#8220;30px&#8220; row_show_on=&#8220;hide_on_normal_screen,hide_tablet_landscape&#8220; bg_color=&#8220;#fafafa&#8220;][vc_column width=&#8220;1\/4&#8243;][vc_column_text css=&#8220;.vc_custom_1589127931450{background-color: #ffffff !important;}&#8220;]<\/p>\n<p style=\"text-align: center;\"><strong>Industriebau<\/strong><\/p>\n<p>[\/vc_column_text][vc_gallery interval=&#8220;0&#8243; images=&#8220;4301,4302,4303&#8243; img_size=&#8220;400&#215;300&#8243; onclick=&#8220;&#8220; css=&#8220;.vc_custom_1589281659227{background-color: #ffffff !important;}&#8220;][vc_column_text css=&#8220;.vc_custom_1590179472651{background-color: #ffffff !important;}&#8220;]<\/p>\n<p style=\"text-align: center;\">Saugraum Pumpwerk: Fundamente<\/p>\n<p>[\/vc_column_text][vc_empty_space height=&#8220;15px&#8220;][\/vc_column][vc_column width=&#8220;1\/4&#8243;][vc_column_text css=&#8220;.vc_custom_1589127940346{background-color: #ffffff !important;}&#8220;]<\/p>\n<p style=\"text-align: center;\"><strong>Hochbau<\/strong><\/p>\n<p>[\/vc_column_text][vc_gallery interval=&#8220;0&#8243; images=&#8220;4295,4296,4294&#8243; img_size=&#8220;400&#215;300&#8243; onclick=&#8220;&#8220; css=&#8220;.vc_custom_1589281669862{background-color: #ffffff !important;}&#8220;][vc_column_text css=&#8220;.vc_custom_1588879932767{background-color: #ffffff !important;}&#8220;]<\/p>\n<p style=\"text-align: center;\">Errichtung Rechengutbecken<\/p>\n<p>[\/vc_column_text][vc_empty_space height=&#8220;15px&#8220;][\/vc_column][vc_column width=&#8220;1\/4&#8243;][vc_column_text css=&#8220;.vc_custom_1589127953977{background-color: #ffffff !important;}&#8220;]<\/p>\n<p style=\"text-align: center;\"><strong>Betonbau<\/strong><\/p>\n<p>[\/vc_column_text][vc_single_image image=&#8220;4443&#8243; img_size=&#8220;400&#215;300&#8243; css=&#8220;.vc_custom_1589281680101{background-color: #ffffff !important;}&#8220;][vc_column_text css=&#8220;.vc_custom_1588879921050{background-color: #ffffff !important;}&#8220;]<\/p>\n<p style=\"text-align: center;\">Maschinenfundamente<\/p>\n<p>[\/vc_column_text][vc_empty_space height=&#8220;15px&#8220;][\/vc_column][vc_column width=&#8220;1\/4&#8243;][vc_column_text css=&#8220;.vc_custom_1589127948019{background-color: #ffffff !important;}&#8220;]<\/p>\n<p style=\"text-align: center;\"><strong>Betonbau <\/strong><\/p>\n<p>[\/vc_column_text][vc_gallery interval=&#8220;0&#8243; images=&#8220;4109,4122&#8243; img_size=&#8220;400&#215;300&#8243; onclick=&#8220;&#8220; css=&#8220;.vc_custom_1589281688628{background-color: #ffffff !important;}&#8220;][vc_column_text css=&#8220;.vc_custom_1588879927314{background-color: #ffffff !important;}&#8220;]<\/p>\n<p style=\"text-align: center;\">(BV. Steigerstra\u00dfe) Errichtung Einstiegsbauwerk<\/p>\n<p>[\/vc_column_text][vc_empty_space height=&#8220;15px&#8220;][\/vc_column][\/vc_row][vc_row parallax_bg=&#8220;parallax-bg&#8220; bg_cover=&#8220;cover&#8220; bg_position=&#8220;Center bottom&#8220; top=&#8220;100px&#8220; bottom=&#8220;80px&#8220; bg_color=&#8220;#3498db&#8220; bg_image=&#8220;4719&#8243; font_color=&#8220;#ffffff&#8220;][vc_column][vc_testimonial_slider style=&#8220;testimonials-style-2&#8243; animation=&#8220;slide&#8220; slide_speed=&#8220;10&#8243; bullets=&#8220;paging-false&#8220;][vc_testimonial name=&#8220;EVERS BAUNUNTERNEHMUNG GMBH&#8220; author_dec=&#8220;&#8220; position=&#8220;Designer&#8220;]Wir danken f\u00fcr Ihr Interesse! [\/vc_testimonial][\/vc_testimonial_slider][\/vc_column][\/vc_row]<\/p>\n","protected":false},"excerpt":{"rendered":"<p>[vc_row full_content_width=&#8220;row-inner-full&#8220; row_seperator=&#8220;row-line-seperator&#8220; top=&#8220;0px&#8220; bottom=&#8220;20px&#8220;][vc_column][rev_slider_vc alias=&#8220;hochtiefbau&#8220;][\/vc_column][\/vc_row][vc_row top=&#8220;15px&#8220; bottom=&#8220;0px&#8220;][vc_column css=&#8220;.vc_custom_1588072957343{background-color: #ffffff !important;}&#8220;][vc_custom_heading text=&#8220;Leistungen&#8220; font_container=&#8220;tag:h4|font_size:18px|text_align:left|color:%23dd3333&#8243; use_theme_fonts=&#8220;yes&#8220; css_animation=&#8220;fadeIn&#8220;][\/vc_column][\/vc_row][vc_row top=&#8220;5px&#8220; bottom=&#8220;20px&#8220;][vc_column width=&#8220;2\/3&#8243;][vc_column_text] Hoch- &amp; Tiefbau *\u00a0 Ingenieurbau *\u00a0 Industriebau Die Stefan Evers Bauunternehmung GmbH verbindet Ihre langj\u00e4hrige Erfahrung im Hochbau &amp; Ingenieurbau mit den hochspezialisierten Erfordernissen im modernen Tiefbau. In den letzten Jahren wurden erfolgreich Projekte im Bereich Wasserwirtschaft [&hellip;]<\/p>\n","protected":false},"author":1,"featured_media":0,"parent":0,"menu_order":0,"comment_status":"closed","ping_status":"closed","template":"page-full-width.php","meta":[],"_links":{"self":[{"href":"https:\/\/evers-bau.de\/index.php\/wp-json\/wp\/v2\/pages\/3716"}],"collection":[{"href":"https:\/\/evers-bau.de\/index.php\/wp-json\/wp\/v2\/pages"}],"about":[{"href":"https:\/\/evers-bau.de\/index.php\/wp-json\/wp\/v2\/types\/page"}],"author":[{"embeddable":true,"href":"https:\/\/evers-bau.de\/index.php\/wp-json\/wp\/v2\/users\/1"}],"replies":[{"embeddable":true,"href":"https:\/\/evers-bau.de\/index.php\/wp-json\/wp\/v2\/comments?post=3716"}],"version-history":[{"count":138,"href":"https:\/\/evers-bau.de\/index.php\/wp-json\/wp\/v2\/pages\/3716\/revisions"}],"predecessor-version":[{"id":4725,"href":"https:\/\/evers-bau.de\/index.php\/wp-json\/wp\/v2\/pages\/3716\/revisions\/4725"}],"wp:attachment":[{"href":"https:\/\/evers-bau.de\/index.php\/wp-json\/wp\/v2\/media?parent=3716"}],"curies":[{"name":"wp","href":"https:\/\/api.w.org\/{rel}","templated":true}]}}